{"id":1155,"date":"2020-03-23T08:23:41","date_gmt":"2020-03-23T08:23:41","guid":{"rendered":"http:\/\/machtsinn.amaregio.de\/?post_type=product&#038;p=1155"},"modified":"2023-11-27T14:45:30","modified_gmt":"2023-11-27T14:45:30","slug":"das-macht-sinn","status":"publish","type":"product","link":"https:\/\/machtsinn.amaregio.de\/?product=das-macht-sinn","title":{"rendered":"Das macht SINN"},"content":{"rendered":"<p>Dieses Buch ist ein besonders nachhaltiges und sinnstiftendes Projekt. Es zeigt neue Wege der Nachhaltigkeit auf, die bereits in der Praxis erfolgreich umgesetzt werden.<br \/>\n\u201eOb es um Lebensmittel-Einkauf, Ern\u00e4hrung, Kleidung, Wasser, Versicherungen, Gesundheit, Druckerei oder Wohnen geht, finden sich in diesem Buch sinnvolle, ganzheitliche Projektbeschreibungen, die als Impuls- und Ratgeber f\u00fcr Nachahmer*innen bestens geeignet sind.\u201c<br \/>\nSo ist in einer guten Zusammenarbeit ein Buch entstanden, das Mut macht neue Wege zu gehen, umzudenken und gemeinsam f\u00fcr eine enkeltaugliche Zukunft zu stehen. Die Art des gemeinsamen Publizierens, wie sie in diesem Buch zur Geltung kommt, entspricht voll und ganz den Anforderungen unserer Zeit.<br \/>\nNur gemeinsam k\u00f6nnen die gro\u00dfen Herausforderungen in Sachen Umwelt und Gesellschaft gel\u00f6st werden.<br \/>\nEin besonderes Highlight: Das Buch ist auf Graspapier gedruckt<\/p>\n","protected":false},"excerpt":{"rendered":"<p>Dieses Buch ist ein besonders nachhaltiges und sinnstiftendes Projekt. Es zeigt neue Wege der Nachhaltigkeit auf, die bereits in der Praxis erfolgreich umgesetzt werden. \u201eOb es um Lebensmittel-Einkauf, Ern\u00e4hrung, Kleidung, Wasser, Versicherungen, Gesundheit, Druckerei oder Wohnen geht, finden sich in diesem Buch sinnvolle, ganzheitliche Projektbeschreibungen, die als Impuls- und Ratgeber f\u00fcr Nachahmer*innen bestens geeignet sind.\u201c [&hellip;]<\/p>\n","protected":false},"featured_media":1156,"template":"","meta":[],"product_brand":[],"product_cat":[38],"product_tag":[],"class_list":{"0":"post-1155","1":"product","2":"type-product","3":"status-publish","4":"has-post-thumbnail","6":"product_cat-buecher","7":"product_shipping_class-800-1800","9":"first","10":"instock","11":"taxable","12":"shipping-taxable","13":"purchasable","14":"product-type-variable"},"_links":{"self":[{"href":"https:\/\/machtsinn.amaregio.de\/index.php?rest_route=\/wp\/v2\/product\/1155","targetHints":{"allow":["GET"]}}],"collection":[{"href":"https:\/\/machtsinn.amaregio.de\/index.php?rest_route=\/wp\/v2\/product"}],"about":[{"href":"https:\/\/machtsinn.amaregio.de\/index.php?rest_route=\/wp\/v2\/types\/product"}],"wp:featuredmedia":[{"embeddable":true,"href":"https:\/\/machtsinn.amaregio.de\/index.php?rest_route=\/wp\/v2\/media\/1156"}],"wp:attachment":[{"href":"https:\/\/machtsinn.amaregio.de\/index.php?rest_route=%2Fwp%2Fv2%2Fmedia&parent=1155"}],"wp:term":[{"taxonomy":"product_brand","embeddable":true,"href":"https:\/\/machtsinn.amaregio.de\/index.php?rest_route=%2Fwp%2Fv2%2Fproduct_brand&post=1155"},{"taxonomy":"product_cat","embeddable":true,"href":"https:\/\/machtsinn.amaregio.de\/index.php?rest_route=%2Fwp%2Fv2%2Fproduct_cat&post=1155"},{"taxonomy":"product_tag","embeddable":true,"href":"https:\/\/machtsinn.amaregio.de\/index.php?rest_route=%2Fwp%2Fv2%2Fproduct_tag&post=1155"}],"curies":[{"name":"wp","href":"https:\/\/api.w.org\/{rel}","templated":true}]}}